e units digit of n?
9
Let j(h) = -13*h - 15. What is the units digit of j(-4)?
7
What is the units digit of -3 - (-184)/4 - 0?
3
Suppose -4*z = -x - 8, -2 = 5*z - 5*x + 3. Suppose 3*m = -3*j + 18, -4*j + 7 = -3*m - z. What is the units digit of j?
4
Let h(q) = -q. Let j(w) = -w**2 + w + 5. Suppose -7*k = -4*k + 3. Let d(x) = k*j(x) - 5*h(x). What is the units digit of d(-6)?
7
Let w = 12 - 2. Let d(t) = 2*t. What is the tens digit of d(w)?
2
Suppose 4*j + 5*f = 45, 0 = j - 2*j + 2*f - 5. Suppose 5*x - 8*x + 27 = 0. Suppose j*o = 15, l - 11 - x = -5*o. What is the units digit of l?
5
Suppose -2*y - 6 = -5*y. Let c(i) = -5*i - 2*i**2 + 3 - i**2 + y*i**2. What is the units digit of c(-4)?
7
Let i(u) = u**3 - 4*u**2 - 4*u - 3. Let n be i(5). What is the units digit of (-496)/(-24) + n/6?
1
Let z(i) be the first derivative of -i**4/4 + 2*i**3 - 3*i**2/2 - 3*i - 5. What is the units digit of z(4)?
7
Let l = 10 + 8. Suppose -26 = -2*a - 2*w, -2*w + l = 2*a + 2*w. What is the tens digit of a?
1
What is the units digit of -16*(3 - 16/4)?
6
Suppose -20 = n - 3*n. Let w(j) = -j**2 + 10*j + 5. What is the units digit of w(n)?
5
Let r be (-3 + 0 - -4)*33. Suppose 3*o = -o - p + 99, 3*p = -o + r. What is the units digit of o?
4
What is the tens digit of ((-30)/(-8))/((-3)/(-132))?
6
Suppose -2*p + 4*p - 5 = -t, -39 = -5*t - 3*p. What is the units digit of t?
9
Let y(x) = -15*x**2 - 6*x - 7. Let n(z) = -14*z**2 - 5*z - 6. Let b(l) = -7*n(l) + 6*y(l). What is the units digit of b(-2)?
4
Let l = -2 + -1. Let u be -1 - (3 + 2 + l). Let t = u + 5. What is the units digit of t?
2
Let l(c) = -c**3 - 8*c**2 - 7*c + 3. Let d be l(-7). Suppose -d*w - 1 = 5. Let g = w - -4. What is the units digit of g?
2
What is the units digit of (4/6)/((-8)/(-1020))?
5
Suppose -3*d = d - 820. Suppose 2*f - d = -3*f. What is the tens digit of f?
4
Suppose 0 = 3*q + 2*q. Suppose 3*a - 8 - 13 = q. What is the units digit of a?
7
Suppose -4*i = 28 - 136. What is the tens digit of i?
2
Let r = 4 - 6. Let m(t) = 10*t**2 + 8. Let k(h) = -h**2 - 1. Let a(d) = 18*k(d) + 2*m(d). What is the units digit of a(r)?
6
Let k(n) = n**2 + 7*n + 5. Let b be k(-7). Suppose 3*q = b*q - 8. Suppose w + 5*o - 34 = -2*w, 0 = 4*w - q*o - 24. What is the units digit of w?
8
Suppose 112 = 3*a + a. Suppose -4*h = a - 168. What is the tens digit of h?
3
Let a = 112 + 1. What is the units digit of a?
3
Let f = -1 - -2. Let d(i) = -i**2 + 8*i - 8. Let h be d(6). Suppose -3*p - 5*a = -f, 0 = 3*p - 0*p + 2*a - h. What is the units digit of p?
2
Let m = 5 + -10. Let k(d) = -d. Let s(a) = -a**2 - 5*a + 5. Let q(n) = k(n) + s(n). What is the tens digit of q(m)?
1
Suppose 0 = -5*q - 2 + 12, -89 = -3*d + 2*q. What is the tens digit of d?
3
Let s be 2 - -18*(3 - 2). Suppose 2*j - j = 5*g - 15, -5*g + 2*j + s = 0. What is the tens digit of 34*((-6)/4 + g)?
1
Let s = 569 - 369. What is the tens digit of s?
0
Suppose -u - 7*u + 520 = 0. What is the units digit of u?
5
Let u(w) = w**2 + 5*w - 4. Let z be u(-3). What is the units digit of 2/(-1) + z/(-1)?
8
Let x = 27 + -11. What is the units digit of x + (3 - 3 - 3)?
3
Let x be (-2)/(-1) + (-1 - -2). Let r(t) = -t**2 - 12*t + 2. Let n be r(-12). Suppose 0 = -2*a + x*a - n. What is the units digit of a?
2
Let s(t) = 36*t**2 - t - 5. What is the tens digit of s(3)?
1
Suppose 45 - 5 = 4*r. What is the units digit of r?
0
Let f(d) = d**3 - 5*d**2 - 6*d + 1. Let a be f(6). Let g = 10 + a. What is the tens digit of g?
1
Suppose -3*s + 5*h - 328 = -7*s, 2*s - 3*h = 164. Suppose -5*n = 7 - s. What is the tens digit of n?
1
Let k be (15/(-4))/1*8. Let u = k + 55. What is the tens digit of u?
2
What is the tens digit of 818/5 + (-42)/(-105)?
6
Let u(y) = y**3 - 5*y**2 + 4*y - 5. Let t be u(5). Let s = 19 - t. What is the units digit of s?
4
Suppose 0*h - 5*h = 290. Let x = 90 + h. What is the tens digit of x?
3
Let i(x) = -x**3 - 18*x**2 - 19*x + 18. What is the units digit of i(-17)?
2
Let t(p) be the third derivative of -p**6/120 + p**5/12 - p**4/12 - p**3/6 + p**2. Let y be ((-4)/(-2))/((-3)/(-6)). What is the units digit of t(y)?
7
Suppose -3*v + 7 = -5. Suppose 0 = 4*i + 5*w - 97, -v*w - 20 = -i - w. What is the tens digit of i?
2
Let a(z) = 4*z + 8. Let t(s) = -s + 1. Let j(u) = -a(u) - 2*t(u). Suppose -10 = -3*p - 31. What is the units digit of j(p)?
4
Let t(o) = o**3 + 6*o**2 + 4*o + 1. Let g be t(-5). Suppose v - 2 + 32 = 4*y, -3*v - g = 0. What is the units digit of y?
7
Let p be 1 - 0 - (-2)/2. Suppose 5*n = 10, 0 = -w - 0*n + 3*n. Suppose -p - w = -i. What is the units digit of i?
8
Let d(s) be the second derivative of -3*s**5/4 + s**3/3 + s**2/2 - s. Let h be d(-1). Let k = -10 + h. What is the units digit of k?
4
Let c be (-1)/((14/(-8))/7). Suppose 4 + 0 = c*m. What is the units digit of m?
1
Suppose 0*k + 4*k = -x + 48, 0 = 4*x - 5*k - 108. What is the tens digit of x?
3
Suppose 0 = 4*f - 0*f - 16. Suppose -j + 2*n = -1, -3*n + 10 = j + f. Suppose -5 - 4 = -j*o. What is the units digit of o?
3
Suppose 5*x = 3*x + 5*p + 75, 0 = 3*x - 4*p - 109. Let u = -24 + x. What is the tens digit of u?
1
Suppose -2*t + 2 = -0. Let h be (0 + t)/(2/(-26)). Let a = 22 + h. What is the units digit of a?
9
Suppose 5*l + 0*l = -4*r + 1047, 0 = r - 3*l - 266. What is the units digit of r?
3
Let l be 0*(3/(-1))/3. Suppose -u = -l*u - d, -2*u - 15 = -5*d. What is the units digit of u?
5
Let y(w) = -w**3 - 14*w**2 - w - 9. Let i be y(-14). Let s = i + -4. What is the units digit of 63/15 + s/(-5)?
4
Let i(v) = -v + 9. Let p be 3/(-3*3/(-54)). Let h = -11 + p. What is the units digit of i(h)?
2
Let v be -4 + (-2 - 0) + 1. Let t(g) = -g**2 - 4*g + 1. Let h be t(v). Let y(k) = k**2 + 3*k + 3. What is the units digit of y(h)?
7
Let r be 42/3 - (-2 + 1). Let i = r - 11. Suppose 2*q - 2*z - 9 + 1 = 0, i*z + 4 = -2*q. What is the units digit of q?
2
Suppose 0 = -0*u - u. Suppose u*i = 4*i - 4. What is the units digit of 1 + (-3)/(0 - i)?
4
Let w = 6 - 7. What is the units digit of (5 + w + -3)*2?
2
Let d be ((-12)/(-42))/(2/14). Let x(a) = 4*a**3 - 2*a**2 + 2. What is the tens digit of x(d)?
2
Let g(d) = d**2 + 3*d + 2. What is the tens digit of g(6)?
5
Suppose -v + 8 = -3*q, 12 = -3*q + q + 4*v. Let z = 3 - q. Let h = z - 0. What is the units digit of h?
5
Let g = 0 + 2. Suppose -g*u = u + 6. Let f(n) = -n**3 + n**2 + 2*n + 2. What is the tens digit of f(u)?
1
Suppose 0 = 2*x - 4*x - r + 102, x + 3*r - 51 = 0. Let v = x + -30. What is the units digit of v?
1
Suppose 8*a + 732 = 12*a. What is the units digit of a?
3
Let n = 5 + 5. What is the tens digit of n?
1
Let r(j) = 104*j**2 - j + 1. What is the hundreds digit of r(1)?
1
What is the units digit of ((-6144)/(-26))/2 + (-42)/273?
8
Let t be (-3)/((-6)/4) - -3. Suppose -4*a - 5 - 11 = 4*n, -t*a - 20 = 0. Suppose -2*k + 12 = -n*k - s, 10 = 4*k + 5*s. What is the units digit of k?
5
Suppose 3*i - 3 - 3 = 0, 4*q + 5*i = 614. What is the hundreds digit of q?
1
Let u = -144 + 171. What is the units digit of u?
7
Suppose 4 + 6 = 5*p, -5*p = -h - 8. What is the units digit of h/8 + 204/16?
3
Suppose -8*c + 776 = -4*c. What is the units digit of c?
4
Suppose -51 = -4*t - 0*u + u, 0 = 3*t + 3*u - 57. What is the units digit of t?
4
Let v = -9 - -14. Suppose v*g - 10 = 25. What is the units digit of g?
7
Let n = -14 + 24. Let r be (n/(-4))/(1/(-2)). Suppose 2*j = f - 1, -r*f - j + 55 - 6 = 0. What is the units digit of f?
9
Suppose 5*h + 5 = -4*v, -4*v + 5*h = -9*v. What is the units digit of v?
5
Let q = 4 + -4. Suppose 6*l - 3*l + m - 8 = q, -2*m = 4*l - 12. Suppose -j = 2*y - 18, 4*j - j + 2 = l*y. What is the units digit of y?
7
Let z be (-3)/(2*6/8). Let p be (1/z)/((-3)/6). What is the units digit of (6 - 2)*(1 + p)?
8
Let w(b) = -b + 6. Suppose 15 = 4*n - 5. Suppose 3*q - 2*o = o + 12, 3*q - n*o - 10 = 0. What is the units digit of w(q)?
1
What is the tens digit of (-10)/(-5) + -5 + 64?
6
Suppose -5*z + 2*q - q = -84, 5*z - 87 = -2*q. Suppose -1 + z = 4*d. What is the units digit of d?
4
Let b(i) = -20*i + 64. What is the tens digit of b(-9)?
4
Let g = -22 + 5. Let s(p) = p**2 + 15*p + 4. What is the tens digit of s(g)?
3
Suppose -110 = -3*i + 238. What is the hundreds digit of i?
1
Suppose -195 = 4*h - 9*h. Suppose -5*a = 4*b - 2*a - h, -3*a -